p - 2. Let v be 4 + -1 - (2 + -2). Let l(x) = -2*x + 3. Let o(j) = v*d(j) + 2*l(j). What is o(r)?
3
Let c be 28/3 + (-1)/3. Let k be (-3)/((-8 + c)*(-2 - -3)). Let p(h) = -h + 1. What is p(k)?
4
Suppose -2*i = -0*i - 2*v - 4, -i + 5*v + 2 = 0. Let z be 3 + 6 + -5 + i. Let c(a) = 4 + z*a - 6*a + a. Determine c(6).
10
Let w(g) be the first derivative of -3 - 4/3*g**3 + 1/2*g**2 + g + 1/4*g**4. Let p be (2 + -10)/(-2 + 0). Calculate w(p).
5
Suppose 0 = -7*a + 5*a. Let k(d) be the second derivative of 1/12*d**4 + 0 - d**2 + 1/20*d**5 + 1/6*d**3 + 3*d. What is k(a)?
-2
Let z = 1 - 12. Let a(s) = -s**3 - 12*s**2 - 11*s + 4. Let k be a(z). Let g = -1 - k. Let l(v) = -v**3 - 6*v**2 - 6*v - 6. Determine l(g).
-1
Let g(w) = -2*w + 1. Suppose 5*t - 2 = -5*y + 18, 4*t + 2 = 2*y. Let x(q) = y*q + 0*q + 1 - 5*q. Let l(b) = 5*g(b) - 6*x(b). What is l(6)?
11
Let y(g) = 2*g + 6*g - 5*g - 5*g + 6*g**2 + 2 - g**3. Suppose 9 = 2*n - o, -2*n - 3*o - 4 = -1. Let v be (-3 + -3)*(n - 4). What is y(v)?
-10
Suppose -2*k + 2*y = 0, -2 = 3*y + 1. Let l = -13 - -7. Let b(q) = q - 1. Let p(d) = -7*d + 10. Let r(z) = k*p(z) + l*b(z). Determine r(-4).
-8
Let q(a) = 1 - 6587*a + 1 + 6585*a. Determine q(1).
0
Let z(r) = 120*r - 48*r + 5 - 29*r. Let a(u) = 29*u + 3. Let m(c) = -8*a(c) + 5*z(c). Give m(-1).
18
Suppose 2*j - 21 = -j. Suppose j*t = 3*t + 20. Let k(l) = l + 2. Give k(t).
7
Let o = 1939 - 1946. Let z(v) = 3*v - 17. Let b(h) = h - 6. Let u(q) = -17*b(q) + 6*z(q). What is u(o)?
-7
Let l = -146 - -146. Let n(c) be the third derivative of l*c**3 - 1/30*c**5 + 0*c + 1/24*c**4 - 3*c**2 - 1/120*c**6 + 0. Determine n(-3).
6
Let n(b) = -b**2 - 18*b + 21. Suppose 2*v = -3*g - 49, 77*g - 41 = 80*g + 4*v. Calculate n(g).
2
Let o(b) = 4*b + 4*b**2 + 5 - 2*b - 1 - 5. Let x = -32 + 15. Let j = x - -18. What is o(j)?
5
Suppose 4*l + 1 = 3*q + 6, 0 = -q + 5*l + 2. Let o(y) = y**3 - y - 1. Determine o(q).
-25
Let o(j) = -7*j**2 + 3*j - 5*j - 1 + 4 - 2. Suppose -2*x - 4*h - 20 = 0, x = -2*x + h - 2. Determine o(x).
-23
Let i(m) = -m**2 - 14*m - 11. Let p be i(-13). Let k(j) = j**3 - 4*j**2 + 4*j - 3. Determine k(p).
-3
Suppose -p + 123 = 2*p. Suppose -4*l - 2*z = -3*z + p, z + 25 = -2*l. Let v be (-8 - l) + 6*-1. Let g(k) = k**3 + 2*k**2 - 5*k - 3. What is g(v)?
3
Let h(t) be the third derivative of -13*t**4/12 - 45*t**2. Calculate h(-1).
26
Let m(x) = -x**2 - 10*x - 10. Let o be m(-9). Let w(h) be the second derivative of h - 1/2*h**2 + 0 - 1/6*h**3. What is w(o)?
0
Let m be (-3462)/(-51) + (-2)/(-17). Let w(z) = -68*z + z**2 + 4 + 133*z - m*z. What is w(4)?
8
Suppose -3*k = 4*a - 7, -5*a - 42 = -20*k - 27. Let v(t) = 11*t**2 - 2*t - 3. Let r(m) = m**2 - m - 1. Let j(z) = -2*r(z) + v(z). What is j(a)?
8
Let h = 20 - 14. Let i(p) = 8*p + 4*p - 6 - p**2 + p - 4*p. What is i(h)?
12
Let s = -77 - -102. Let l(v) = 5 + s*v - 48*v + 22*v. Determine l(7).
-2
Let v(u) be the third derivative of -u**6/120 + 3*u**5/20 - u**4/3 - u**3 - 5*u**2. Let m be (1 + 3)/(7/14). Determine v(m).
-6
Let i(a) = -a**3 + 5*a**2. Let s be i(5). Suppose -1 = -w + 4*t - 3, -4*w + 3*t + 5 = s. Let x(p) = 16*p**2 + p - 5*p + 2 - 14*p**w. What is x(2)?
2
Let z(o) = o**2 - o + 2. Let m(i) = -4*i**2 + 6*i - 11. Suppose 20*u - 13*u - 105 = 0. Let c(t) = u*z(t) + 3*m(t). Determine c(-3).
15
Let n = 28 - 23. Let w be (4/n)/((-1)/10). Let c(v) = -v**3 - 9*v**2 - 10*v - 9. Determine c(w).
7
Let c(k) = -k + 33. Let b be c(16). Suppose b = 2*d - 3. Let z(l) = -l + 4. Let t be z(d). Let p(q) = -q**3 - 5*q**2 + 8*q - 4. What is p(t)?
-16
Suppose 10 = 4*d + 6*d. Let b(j) = 3 - j + 1 + 4 - d. Calculate b(-5).
12
Suppose 7 = -m + 5. Let v(h) = -7*h**2 + 2 - 2*h + 0*h - 4 - h**3 + 6*h**2. Calculate v(m).
6
Let u(h) = -3 - 18*h + 212*h**2 - 214*h**2 + 1 - 3 + 4. Determine u(-9).
-1
Let c(d) = d**3 - d**2 + d - 2. Let p(k) = -5*k**3 - 6*k**2 + 6*k - 1. Let u(t) = 6*c(t) + p(t). Determine u(11).
-2
Let p(t) = 5*t. Let a(g) = 4*g. Let f = 0 + 4. Let q(u) = f*a(u) - 3*p(u). Let v(b) = b - 2. Let x be v(-1). Give q(x).
-3
Let d(k) be the second derivative of k**8/6720 + k**7/2520 + k**5/30 + k**4 + 4*k. Let f(p) be the third derivative of d(p). Suppose a = 3*a. Give f(a).
4
Let b(n) = 10*n**2 - 137*n - 29. Let i be b(14). Let g(m) = m**2 - 13*m + 10. What is g(i)?
10
Let s(a) = -a**3 - 3*a**2 - a - 1. Suppose 3*l = 3*h + 3, 3*l + h + h + 2 = 0. Suppose 4*g - 6*g - 18 = l. Let q = g + 6. Determine s(q).
2
Let v(u) be the second derivative of u**5/20 - 5*u**4/12 - 5*u**3/3 + 15*u**2/2 - 3*u. What is v(6)?
-9
Suppose 0 = w + m - 8, 17 = 2*w - 0*m + m. Let x be 1 + 10 - (-9 + w). Let b be x/(-2) + (-6)/4. Let z(g) = g**2 + 8*g + 2. Give z(b).
-5
Let j(u) = -10*u + 14. Let w be j(2). Let g(d) = 7*d**3 - 18*d**2 + d - 1. Let i(a) = 6*a**3 - 17*a**2 + a - 2. Let o(p) = w*i(p) + 5*g(p). What is o(12)?
-5
Let g(y) = -16*y - 8. Let v be g(-6). Let n(k) = -k**3 + 85*k**2 + v*k**2 + 2*k - 174*k**2. Let b be (-4)/6 + (-24)/(-9). What is n(b)?
-8
Let x be 9/((21/(-2))/7). Let z = x + 10. Let q(s) = -s**2 + 3*s - 2. What is q(z)?
-6
Suppose -5*g + 22 = 3*x, 3*g + x = 2*g + 4. Let c(u) = -8*u + 10. Let n(m) = -19*m + 21. Let z(f) = -7*c(f) + 3*n(f). Give z(g).
-12
Suppose -3*v = -2*c + 3*c - 8, 2*c - 10 = -3*v. Let b(y) = 1 - 128*y**3 + 124*y**3 + 0 - y + 5*y**v - 4*y**2. Determine b(1).
-3
Suppose -4*h + 2*t + 3*t - 320 = 0, 5*h - 5*t + 395 = 0. Let w = -77 - h. Let l(i) be the second derivative of i**3/6 - i**2/2 - i. What is l(w)?
-3
Let c be (-2)/(-3) + (-2)/3. Suppose i - 1 + 5 = c. Let h(t) = t + t**2 + 6 + t - 9. Calculate h(i).
5
Let f(z) be the first derivative of -z**5/60 - 7*z**4/24 + 5*z**3/3 - 5*z**2/2 + 4. Let r(u) be the second derivative of f(u). Determine r(-8).
2
Let w(o) = o**2 - 17*o + 3. Let a = -427 - -445. Determine w(a).
21
Let l(b) = -b**3 + 2*b**2 - 3*b + 2. Suppose 4*p = 3*v + 5, -1 = p + v - 4*v. Determine l(p).
-4
Let q(b) = 7*b + 1 + 3 + 2*b**2 + 3*b**2 - 4*b**2. Let x be q(-5). Let m(g) = -4*g + 7 + 4 - g**2 - 5. Give m(x).
-6
Let b(m) = -9*m + 5. Let v(h) = 2*h - 3. Let o(s) = b(s) + 2*v(s). Suppose -3*t + 2*c + 1 + 21 = 0, 1 = -t - c. Suppose 3*r = -r + t. Determine o(r).
-6
Let v(i) be the second derivative of i**4/2 - i**2/2 - 26*i. Give v(1).
5
Let q(x) be the second derivative of -3*x**5/5 + x**3/6 - x**2/2 - 50*x - 1. Give q(1).
-12
Let w(o) be the first derivative of -o**3/3 + 3*o**2/2 - 7*o - 47. Give w(-7).
-77
Let c(k) = -2*k**2 + k - 1. Let g = 77 - 51. Let z = -23 + g. Suppose 5*j - 10 = -4*r, 6 = 6*j - 3*j - z*r. Give c(j).
-7
Let x(r) = 2*r**2 + 2*r + 1. Let n be 1*-51*2/(-6). Suppose 8*g + n = 1. Determine x(g).
5
Let v(i) = 6 - 30*i + 2*i**2 - 22*i + 51*i - 3*i**3. Let c(q) = q**3 - q**2 - 1. Let w(p) = 2*c(p) + v(p). What is w(0)?
4
Let v(n) = -16*n**3 + 6*n**2 + n + 7. Let h(p) = -33*p**3 + 13*p**2 + 2*p + 15. Let m(l) = -6*h(l) + 13*v(l). Determine m(-1).
10
Let t(f) = -2 - 8*f + 1 + 2 + f. Let q(c) = -5*c**3 + c**2. Let y be q(1). Let g = y - -5. What is t(g)?
-6
Let r = 117/59 - 6607/3540. Let q(h) be the third derivative of 0*h - 7*h**2 + r*h**5 + 0*h**3 + 0*h**4 + 0. What is q(1)?
7
Let n(k) be the first derivative of k**5/60 + k**4/3 - 2*k**3/3 - 3*k**2 - 16. Let m(l) be the second derivative of n(l). Calculate m(-8).
-4
Let a(q) = -q**3 + 9*q**2 - 17*q - 8. Let f be a(6). Let y(x) = -x**3 + 5*x**2 - 1. Let z(o) = o**3 - 4*o**2 + 1. Let s(r) = 5*y(r) + 6*z(r). Give s(f).
-3
Let a(c) = -4*c**2 + 31*c + 25. Let m(g) = g**2 + g + 2. Let t be m(2). Let z(s) = -2*s - 1 - t*s + 0 - 7 + s**2. Let b(v) = 2*a(v) + 7*z(v). What is b(-6)?
6
Let r = 22 - 22. Suppose -w = r, -5*w + 15 = -4*y - 5. Let s(d) = -d**2 - 5*d + 2. Let q be s(y). Let p(j) = j**2 + 1. Give p(q).
5
Let w(m) be the second derivative of -m**3/2 - 5*m**2/2 + 341*m. Determine w(-5).
10
Suppose -2*c - 2*d - 263 = -79, 104 = -c + 2*d. Let y be (-9)/(-4)*c/(-36). Let u(t) = t**3 - 7*t**2 + 10*t - 8. Determine u(y).
16
Let f(q) = 0*q**2 + 5 - 5 + 28*q - 24*q - q**2. Suppose -2*m + 5*j = -3*m + 26, -m - 10 = -4*j. Calculate f(m).
-12
Let w be (12/8 + -1)*16. Let c(m) = m**3 - 8*m**2 + 4. Let u be c(w). Let g(p) = -2*p**2 + 5*p + 1. Determine g(u).
-11
Suppose u = -5*b + 2, 2*u + 3*u + 5*b - 30 = 0. Let t be (90/(-40))/((-3)/8). Let x(p) = -